CRAN Package Check Results for Package trawl

Last updated on 2022-08-19 06:52:38 CEST.

Flavor Version Tinstall Tcheck Ttotal Status Flags
r-devel-linux-x86_64-debian-clang 0.2.2 3.67 107.53 111.20 NOTE
r-devel-linux-x86_64-debian-gcc 0.2.2 3.11 81.61 84.72 NOTE
r-devel-linux-x86_64-fedora-clang 0.2.2 146.30 NOTE
r-devel-linux-x86_64-fedora-gcc 0.2.2 151.32 NOTE
r-devel-windows-x86_64 0.2.2 20.00 196.00 216.00 NOTE
r-patched-linux-x86_64 0.2.2 3.94 107.34 111.28 NOTE
r-release-linux-x86_64 0.2.2 NOTE
r-release-macos-arm64 0.2.2 55.00 NOTE
r-release-macos-x86_64 0.2.2 105.00 NOTE
r-release-windows-x86_64 0.2.2 19.00 196.00 215.00 NOTE
r-oldrel-macos-arm64 0.2.2 68.00 NOTE
r-oldrel-macos-x86_64 0.2.2 126.00 NOTE
r-oldrel-windows-ix86+x86_64 0.2.2 9.00 239.00 248.00 NOTE

Check Details

Version: 0.2.2
Check: LazyData
Result: NOTE
     'LazyData' is specified without a 'data' directory
Flavors: r-devel-linux-x86_64-debian-clang, r-devel-linux-x86_64-debian-gcc, r-devel-linux-x86_64-fedora-clang, r-devel-linux-x86_64-fedora-gcc, r-devel-windows-x86_64, r-patched-linux-x86_64, r-release-linux-x86_64, r-release-macos-arm64, r-release-macos-x86_64, r-release-windows-x86_64, r-oldrel-macos-arm64, r-oldrel-macos-x86_64, r-oldrel-windows-ix86+x86_64