Last updated on 2022-05-22 07:53:27 CEST.
Flavor | Version | Tinstall | Tcheck | Ttotal | Status | Flags |
---|---|---|---|---|---|---|
r-devel-linux-x86_64-debian-clang | 1.7.4 | 16.29 | 164.21 | 180.50 | OK | |
r-devel-linux-x86_64-debian-gcc | 1.7.4 | 13.79 | 122.86 | 136.65 | OK | |
r-devel-linux-x86_64-fedora-clang | 1.7.4 | 219.96 | NOTE | |||
r-devel-linux-x86_64-fedora-gcc | 1.7.4 | 206.69 | NOTE | |||
r-devel-windows-x86_64 | 1.7.4 | 46.00 | 174.00 | 220.00 | OK | |
r-patched-linux-x86_64 | 1.7.4 | 15.88 | 152.94 | 168.82 | OK | |
r-release-linux-x86_64 | 1.7.4 | 16.29 | 150.88 | 167.17 | OK | |
r-release-macos-arm64 | 1.7.4 | 52.00 | NOTE | |||
r-release-macos-x86_64 | 1.7.4 | 84.00 | NOTE | |||
r-release-windows-x86_64 | 1.7.4 | 40.00 | 176.00 | 216.00 | OK | |
r-oldrel-macos-arm64 | 1.7.4 | 55.00 | NOTE | |||
r-oldrel-macos-x86_64 | 1.7.4 | 75.00 | NOTE | |||
r-oldrel-windows-ix86+x86_64 | 1.7.4 | 44.00 | 168.00 | 212.00 | OK |
Version: 1.7.4
Check: dependencies in R code
Result: NOTE
Namespaces in Imports field not imported from:
‘knitr’ ‘rmarkdown’ ‘rpart.plot’
All declared Imports should be used.
Flavors: r-devel-linux-x86_64-fedora-clang, r-devel-linux-x86_64-fedora-gcc, r-release-macos-arm64, r-release-macos-x86_64, r-oldrel-macos-arm64, r-oldrel-macos-x86_64