CRAN Package Check Results for Package trackdf

Last updated on 2022-01-26 06:50:32 CET.

Flavor Version Tinstall Tcheck Ttotal Status Flags
r-devel-linux-x86_64-debian-clang 0.2.2 2.90 93.60 96.50 OK
r-devel-linux-x86_64-debian-gcc 0.2.2 2.15 71.78 73.93 OK
r-devel-linux-x86_64-fedora-clang 0.2.2 111.89 NOTE
r-devel-linux-x86_64-fedora-gcc 0.2.2 103.02 OK
r-devel-windows-x86_64-new-UL 0.2.2 59.00 147.00 206.00 OK
r-devel-windows-x86_64-new-TK 0.2.2 OK
r-patched-linux-x86_64 0.2.2 3.06 80.72 83.78 OK
r-release-linux-x86_64 0.2.2 2.04 82.41 84.45 OK
r-release-macos-arm64 0.2.2 OK
r-release-macos-x86_64 0.2.2 OK
r-release-windows-ix86+x86_64 0.2.2 8.00 115.00 123.00 OK
r-oldrel-macos-x86_64 0.2.2 OK
r-oldrel-windows-ix86+x86_64 0.2.2 8.00 119.00 127.00 OK

Check Details

Version: 0.2.2
Check: Rd cross-references
Result: NOTE
    Undeclared package ‘rlang’ in Rd xrefs
Flavor: r-devel-linux-x86_64-fedora-clang