CRAN Package Check Results for Package tor

Last updated on 2022-05-18 07:49:11 CEST.

Flavor Version Tinstall Tcheck Ttotal Status Flags
r-devel-linux-x86_64-debian-clang 1.1.2 3.38 45.10 48.48 NOTE
r-devel-linux-x86_64-debian-gcc 1.1.2 2.26 34.97 37.23 NOTE
r-devel-linux-x86_64-fedora-clang 1.1.2 57.86 NOTE
r-devel-linux-x86_64-fedora-gcc 1.1.2 55.96 NOTE
r-devel-windows-x86_64 1.1.2 18.00 67.00 85.00 NOTE
r-patched-linux-x86_64 1.1.2 1.97 43.38 45.35 NOTE
r-release-linux-x86_64 1.1.2 1.83 43.88 45.71 NOTE
r-release-macos-arm64 1.1.2 18.00 NOTE
r-release-macos-x86_64 1.1.2 31.00 NOTE
r-release-windows-x86_64 1.1.2 16.00 64.00 80.00 NOTE
r-oldrel-macos-arm64 1.1.2 22.00 NOTE
r-oldrel-macos-x86_64 1.1.2 25.00 NOTE
r-oldrel-windows-ix86+x86_64 1.1.2 7.00 55.00 62.00 NOTE

Check Details

Version: 1.1.2
Check: LazyData
Result: NOTE
     'LazyData' is specified without a 'data' directory
Flavors: r-devel-linux-x86_64-debian-clang, r-devel-linux-x86_64-debian-gcc, r-devel-linux-x86_64-fedora-clang, r-devel-linux-x86_64-fedora-gcc, r-devel-windows-x86_64, r-patched-linux-x86_64, r-release-linux-x86_64, r-release-macos-arm64, r-release-macos-x86_64, r-release-windows-x86_64, r-oldrel-macos-arm64, r-oldrel-macos-x86_64, r-oldrel-windows-ix86+x86_64