Last updated on 2022-07-04 07:49:09 CEST.
Flavor | Version | Tinstall | Tcheck | Ttotal | Status | Flags |
---|---|---|---|---|---|---|
r-devel-linux-x86_64-debian-clang | 0.2.3 | 2.28 | 31.83 | 34.11 | OK | |
r-devel-linux-x86_64-debian-gcc | 0.2.3 | 2.18 | 24.12 | 26.30 | OK | |
r-devel-linux-x86_64-fedora-clang | 0.2.3 | 51.35 | WARN | |||
r-devel-linux-x86_64-fedora-gcc | 0.2.3 | 50.84 | WARN | |||
r-devel-windows-x86_64 | 0.2.3 | 10.00 | 60.00 | 70.00 | OK | |
r-patched-linux-x86_64 | 0.2.3 | 2.96 | 29.86 | 32.82 | OK | |
r-release-linux-x86_64 | 0.2.3 | 1.96 | 29.27 | 31.23 | OK | |
r-release-macos-arm64 | 0.2.3 | 18.00 | OK | |||
r-release-macos-x86_64 | 0.2.3 | 31.00 | OK | |||
r-release-windows-x86_64 | 0.2.3 | 10.00 | 57.00 | 67.00 | OK | |
r-oldrel-macos-arm64 | 0.2.3 | 21.00 | OK | |||
r-oldrel-macos-x86_64 | 0.2.3 | 24.00 | OK | |||
r-oldrel-windows-ix86+x86_64 | 0.2.3 | 8.00 | 51.00 | 59.00 | OK |
Version: 0.2.3
Check: package dependencies
Result: WARN
Requires (indirectly) orphaned package: ‘gtools’
Flavors: r-devel-linux-x86_64-fedora-clang, r-devel-linux-x86_64-fedora-gcc