Last updated on 2022-07-04 07:49:09 CEST.
Flavor | Version | Tinstall | Tcheck | Ttotal | Status | Flags |
---|---|---|---|---|---|---|
r-devel-linux-x86_64-debian-clang | 3043.102 | 29.13 | 108.21 | 137.34 | NOTE | |
r-devel-linux-x86_64-debian-gcc | 3043.102 | 25.17 | 79.04 | 104.21 | NOTE | |
r-devel-linux-x86_64-fedora-clang | 3043.102 | 173.89 | NOTE | |||
r-devel-linux-x86_64-fedora-gcc | 3043.102 | 170.24 | NOTE | |||
r-devel-windows-x86_64 | 3043.102 | 267.00 | 118.00 | 385.00 | NOTE | |
r-patched-linux-x86_64 | 3043.102 | 28.30 | 102.27 | 130.57 | NOTE | |
r-release-linux-x86_64 | 3043.102 | 27.89 | 100.55 | 128.44 | NOTE | |
r-release-macos-arm64 | 3043.102 | 39.00 | NOTE | |||
r-release-macos-x86_64 | 3043.102 | 59.00 | NOTE | |||
r-release-windows-x86_64 | 3043.102 | 264.00 | 122.00 | 386.00 | NOTE | |
r-oldrel-macos-arm64 | 3043.102 | 48.00 | NOTE | |||
r-oldrel-macos-x86_64 | 3043.102 | 90.00 | NOTE | |||
r-oldrel-windows-ix86+x86_64 | 3043.102 | 55.00 | 114.00 | 169.00 | NOTE |
Version: 3043.102
Check: LazyData
Result: NOTE
'LazyData' is specified without a 'data' directory
Flavors: r-devel-linux-x86_64-debian-clang, r-devel-linux-x86_64-debian-gcc, r-devel-linux-x86_64-fedora-clang, r-devel-linux-x86_64-fedora-gcc, r-devel-windows-x86_64, r-patched-linux-x86_64, r-release-linux-x86_64, r-release-macos-arm64, r-release-macos-x86_64, r-release-windows-x86_64, r-oldrel-macos-arm64, r-oldrel-macos-x86_64, r-oldrel-windows-ix86+x86_64