CRAN Package Check Results for Package tidyxl

Last updated on 2022-01-20 06:49:34 CET.

Flavor Version Tinstall Tcheck Ttotal Status Flags
r-devel-linux-x86_64-debian-clang 1.0.7 OK
r-devel-linux-x86_64-debian-gcc 1.0.7 115.81 52.45 168.26 OK
r-devel-linux-x86_64-fedora-clang 1.0.7 377.05 NOTE
r-devel-linux-x86_64-fedora-gcc 1.0.7 317.23 OK
r-devel-windows-x86_64-new-UL 1.0.7 203.00 121.00 324.00 OK
r-devel-windows-x86_64-new-TK 1.0.7 OK
r-patched-linux-x86_64 1.0.7 139.98 68.87 208.85 OK
r-release-linux-x86_64 1.0.7 OK
r-release-macos-arm64 1.0.7 NOTE
r-release-macos-x86_64 1.0.7 NOTE
r-release-windows-ix86+x86_64 1.0.7 417.00 136.00 553.00 OK
r-oldrel-macos-x86_64 1.0.7 NOTE
r-oldrel-windows-ix86+x86_64 1.0.7 417.00 137.00 554.00 OK

Check Details

Version: 1.0.7
Check: installed package size
Result: NOTE
     installed size is 8.8Mb
     sub-directories of 1Mb or more:
     libs 7.8Mb
Flavors: r-devel-linux-x86_64-fedora-clang, r-release-macos-arm64, r-release-macos-x86_64, r-oldrel-macos-x86_64