CRAN Package Check Results for Package tidystats

Last updated on 2022-01-22 06:49:08 CET.

Flavor Version Tinstall Tcheck Ttotal Status Flags
r-devel-linux-x86_64-debian-clang 0.5.1 5.76 85.74 91.50 OK
r-devel-linux-x86_64-debian-gcc 0.5.1 4.48 62.86 67.34 OK
r-devel-linux-x86_64-fedora-clang 0.5.1 109.28 NOTE
r-devel-linux-x86_64-fedora-gcc 0.5.1 96.13 NOTE
r-devel-windows-x86_64-new-UL 0.5.1 76.00 111.00 187.00 OK
r-devel-windows-x86_64-new-TK 0.5.1 NOTE
r-patched-linux-x86_64 0.5.1 4.76 82.37 87.13 OK
r-release-linux-x86_64 0.5.1 5.97 82.03 88.00 OK
r-release-macos-arm64 0.5.1 NOTE
r-release-macos-x86_64 0.5.1 NOTE
r-release-windows-ix86+x86_64 0.5.1 14.00 99.00 113.00 OK
r-oldrel-macos-x86_64 0.5 NOTE
r-oldrel-windows-ix86+x86_64 0.5.1 14.00 98.00 112.00 OK

Check Details

Version: 0.5.1
Check: data for non-ASCII characters
Result: NOTE
     Note: found 113 marked UTF-8 strings
Flavors: r-devel-linux-x86_64-fedora-clang, r-devel-linux-x86_64-fedora-gcc, r-devel-windows-x86_64-new-TK, r-release-macos-arm64, r-release-macos-x86_64

Version: 0.5
Check: data for non-ASCII characters
Result: NOTE
     Note: found 113 marked UTF-8 strings
Flavor: r-oldrel-macos-x86_64