CRAN Package Check Results for Package tidymodels

Last updated on 2022-07-03 07:52:07 CEST.

Flavor Version Tinstall Tcheck Ttotal Status Flags
r-devel-linux-x86_64-debian-clang 0.2.0 18.27 161.82 180.09 OK
r-devel-linux-x86_64-debian-gcc 0.2.0 14.71 122.29 137.00 OK
r-devel-linux-x86_64-fedora-clang 0.2.0 216.23 NOTE
r-devel-linux-x86_64-fedora-gcc 0.2.0 219.55 NOTE
r-devel-windows-x86_64 0.2.0 37.00 180.00 217.00 OK
r-patched-linux-x86_64 0.2.0 15.47 156.43 171.90 OK
r-release-linux-x86_64 0.2.0 12.70 153.60 166.30 OK
r-release-macos-arm64 0.2.0 41.00 NOTE
r-release-macos-x86_64 0.2.0 106.00 NOTE
r-release-windows-x86_64 0.2.0 29.00 177.00 206.00 OK
r-oldrel-macos-arm64 0.2.0 68.00 NOTE
r-oldrel-macos-x86_64 0.2.0 79.00 NOTE
r-oldrel-windows-ix86+x86_64 0.2.0 41.00 175.00 216.00 OK

Check Details

Version: 0.2.0
Check: package dependencies
Result: NOTE
    Imports includes 21 non-default packages.
    Importing from so many packages makes the package vulnerable to any of
    them becoming unavailable. Move as many as possible to Suggests and
    use conditionally.
Flavor: r-devel-linux-x86_64-fedora-clang

Version: 0.2.0
Check: dependencies in R code
Result: NOTE
    Namespace in Imports field not imported from: ‘modeldata’
     All declared Imports should be used.
Flavors: r-devel-linux-x86_64-fedora-clang, r-devel-linux-x86_64-fedora-gcc, r-release-macos-arm64, r-release-macos-x86_64, r-oldrel-macos-arm64, r-oldrel-macos-x86_64