CRAN Package Check Results for Package tidylog

Last updated on 2022-01-22 06:49:08 CET.

Flavor Version Tinstall Tcheck Ttotal Status Flags
r-devel-linux-x86_64-debian-clang 1.0.2 4.76 77.61 82.37 NOTE
r-devel-linux-x86_64-debian-gcc 1.0.2 4.12 57.95 62.07 NOTE
r-devel-linux-x86_64-fedora-clang 1.0.2 103.28 NOTE
r-devel-linux-x86_64-fedora-gcc 1.0.2 86.86 NOTE
r-devel-windows-x86_64-new-UL 1.0.2 64.00 109.00 173.00 NOTE
r-devel-windows-x86_64-new-TK 1.0.2 NOTE
r-patched-linux-x86_64 1.0.2 5.23 72.96 78.19 NOTE
r-release-linux-x86_64 1.0.2 4.65 72.00 76.65 NOTE
r-release-macos-arm64 1.0.2 NOTE
r-release-macos-x86_64 1.0.2 NOTE
r-release-windows-ix86+x86_64 1.0.2 12.00 90.00 102.00 NOTE
r-oldrel-macos-x86_64 1.0.2 OK
r-oldrel-windows-ix86+x86_64 1.0.2 13.00 90.00 103.00 OK

Check Details

Version: 1.0.2
Check: LazyData
Result: NOTE
     'LazyData' is specified without a 'data' directory
Flavors: r-devel-linux-x86_64-debian-clang, r-devel-linux-x86_64-debian-gcc, r-devel-linux-x86_64-fedora-clang, r-devel-linux-x86_64-fedora-gcc, r-devel-windows-x86_64-new-UL, r-devel-windows-x86_64-new-TK, r-patched-linux-x86_64, r-release-linux-x86_64, r-release-macos-arm64, r-release-macos-x86_64, r-release-windows-ix86+x86_64