CRAN Package Check Results for Package tidyft

Last updated on 2022-08-08 07:51:13 CEST.

Flavor Version Tinstall Tcheck Ttotal Status Flags
r-devel-linux-x86_64-debian-clang 0.4.5 5.70 57.26 62.96 NOTE
r-devel-linux-x86_64-debian-gcc 0.4.5 2.90 41.89 44.79 NOTE
r-devel-linux-x86_64-fedora-clang 0.4.5 82.11 NOTE
r-devel-linux-x86_64-fedora-gcc 0.4.5 81.46 NOTE
r-devel-windows-x86_64 0.4.5 18.00 86.00 104.00 NOTE
r-patched-linux-x86_64 0.4.5 4.97 52.34 57.31 NOTE
r-release-linux-x86_64 0.4.5 NOTE
r-release-macos-arm64 0.4.5 29.00 NOTE
r-release-macos-x86_64 0.4.5 39.00 NOTE
r-release-windows-x86_64 0.4.5 28.00 89.00 117.00 NOTE
r-oldrel-macos-arm64 0.4.5 41.00 NOTE
r-oldrel-macos-x86_64 0.4.5 47.00 NOTE
r-oldrel-windows-ix86+x86_64 0.4.5 10.00 81.00 91.00 NOTE

Check Details

Version: 0.4.5
Check: LazyData
Result: NOTE
     'LazyData' is specified without a 'data' directory
Flavors: r-devel-linux-x86_64-debian-clang, r-devel-linux-x86_64-debian-gcc, r-devel-linux-x86_64-fedora-clang, r-devel-linux-x86_64-fedora-gcc, r-devel-windows-x86_64, r-patched-linux-x86_64, r-release-linux-x86_64, r-release-macos-arm64, r-release-macos-x86_64, r-release-windows-x86_64, r-oldrel-macos-arm64, r-oldrel-macos-x86_64, r-oldrel-windows-ix86+x86_64

Version: 0.4.5
Check: Rd cross-references
Result: NOTE
    Undeclared packages ‘tidyfst’, ‘tidyr’, ‘fastDummies’ in Rd xrefs
Flavor: r-devel-linux-x86_64-fedora-clang