CRAN Package Check Results for Package tidyREDCap

Last updated on 2022-01-26 06:50:32 CET.

Flavor Version Tinstall Tcheck Ttotal Status Flags
r-devel-linux-x86_64-debian-clang 0.2.0 5.51 68.40 73.91 NOTE
r-devel-linux-x86_64-debian-gcc 0.2.0 3.74 52.33 56.07 NOTE
r-devel-linux-x86_64-fedora-clang 0.2.0 88.46 NOTE
r-devel-linux-x86_64-fedora-gcc 0.2.0 76.72 NOTE
r-devel-windows-x86_64-new-UL 0.2.0 48.00 95.00 143.00 NOTE
r-devel-windows-x86_64-new-TK 0.2.0 NOTE
r-patched-linux-x86_64 0.2.0 4.73 65.80 70.53 NOTE
r-release-linux-x86_64 0.2.0 4.86 65.62 70.48 NOTE
r-release-macos-arm64 0.2.0 NOTE
r-release-macos-x86_64 0.2.0 NOTE
r-release-windows-ix86+x86_64 0.2.0 14.00 85.00 99.00 NOTE
r-oldrel-macos-x86_64 0.2.0 OK
r-oldrel-windows-ix86+x86_64 0.2.0 14.00 86.00 100.00 OK

Check Details

Version: 0.2.0
Check: LazyData
Result: NOTE
     'LazyData' is specified without a 'data' directory
Flavors: r-devel-linux-x86_64-debian-clang, r-devel-linux-x86_64-debian-gcc, r-devel-linux-x86_64-fedora-clang, r-devel-linux-x86_64-fedora-gcc, r-devel-windows-x86_64-new-UL, r-devel-windows-x86_64-new-TK, r-patched-linux-x86_64, r-release-linux-x86_64, r-release-macos-arm64, r-release-macos-x86_64, r-release-windows-ix86+x86_64