CRAN Package Check Results for Package tictactoe

Last updated on 2022-05-17 07:53:18 CEST.

Flavor Version Tinstall Tcheck Ttotal Status Flags
r-devel-linux-x86_64-debian-clang 0.2.2 2.63 46.89 49.52 NOTE
r-devel-linux-x86_64-debian-gcc 0.2.2 2.49 36.02 38.51 NOTE
r-devel-linux-x86_64-fedora-clang 0.2.2 59.37 NOTE
r-devel-linux-x86_64-fedora-gcc 0.2.2 58.45 NOTE
r-devel-windows-x86_64 0.2.2 29.00 64.00 93.00 NOTE
r-patched-linux-x86_64 0.2.2 2.88 44.77 47.65 NOTE
r-release-linux-x86_64 0.2.2 2.82 45.80 48.62 NOTE
r-release-macos-arm64 0.2.2 18.00 NOTE
r-release-macos-x86_64 0.2.2 27.00 NOTE
r-release-windows-x86_64 0.2.2 32.00 61.00 93.00 NOTE
r-oldrel-macos-arm64 0.2.2 22.00 NOTE
r-oldrel-macos-x86_64 0.2.2 33.00 NOTE
r-oldrel-windows-ix86+x86_64 0.2.2 6.00 57.00 63.00 NOTE

Check Details

Version: 0.2.2
Check: LazyData
Result: NOTE
     'LazyData' is specified without a 'data' directory
Flavors: r-devel-linux-x86_64-debian-clang, r-devel-linux-x86_64-debian-gcc, r-devel-linux-x86_64-fedora-clang, r-devel-linux-x86_64-fedora-gcc, r-devel-windows-x86_64, r-patched-linux-x86_64, r-release-linux-x86_64, r-release-macos-arm64, r-release-macos-x86_64, r-release-windows-x86_64, r-oldrel-macos-arm64, r-oldrel-macos-x86_64, r-oldrel-windows-ix86+x86_64