Last updated on 2022-08-17 07:52:41 CEST.
Flavor | Version | Tinstall | Tcheck | Ttotal | Status | Flags |
---|---|---|---|---|---|---|
r-devel-linux-x86_64-debian-clang | 0.1.2.1 | 5.38 | 59.43 | 64.81 | OK | |
r-devel-linux-x86_64-debian-gcc | 0.1.2.1 | OK | ||||
r-devel-linux-x86_64-fedora-clang | 0.1.2.1 | 85.34 | OK | |||
r-devel-linux-x86_64-fedora-gcc | 0.1.2.1 | 87.64 | OK | |||
r-devel-windows-x86_64 | 0.1.2.1 | 166.00 | 94.00 | 260.00 | OK | |
r-patched-linux-x86_64 | 0.1.2.1 | 3.66 | 56.00 | 59.66 | OK | |
r-release-linux-x86_64 | 0.1.2.1 | 5.15 | 56.76 | 61.91 | OK | |
r-release-macos-arm64 | 0.1.2.1 | 33.00 | OK | |||
r-release-macos-x86_64 | 0.1.2.1 | 56.00 | OK | |||
r-release-windows-x86_64 | 0.1.2.1 | 8.00 | 95.00 | 103.00 | OK | |
r-oldrel-macos-arm64 | 0.1.2.1 | 31.00 | NOTE | |||
r-oldrel-macos-x86_64 | 0.1.2.1 | 42.00 | OK | |||
r-oldrel-windows-ix86+x86_64 | 0.1.2.1 | 12.00 | 82.00 | 94.00 | OK |
Version: 0.1.2.1
Check: package dependencies
Result: NOTE
Packages suggested but not available for checking: 'sysfonts', 'showtext'
Flavor: r-oldrel-macos-arm64