CRAN Package Check Results for Package theft

Last updated on 2022-08-17 07:52:41 CEST.

Flavor Version Tinstall Tcheck Ttotal Status Flags
r-devel-linux-x86_64-debian-clang 0.3.9.6 23.64 367.76 391.40 OK
r-devel-linux-x86_64-debian-gcc 0.3.9.6 OK
r-devel-linux-x86_64-fedora-clang 0.3.9.6 400.84 OK
r-devel-linux-x86_64-fedora-gcc 0.3.9.6 394.18 OK
r-devel-windows-x86_64 0.3.9.6 40.00 390.00 430.00 OK
r-patched-linux-x86_64 0.3.9.6 25.17 345.10 370.27 OK
r-release-linux-x86_64 0.3.9.6 22.62 336.85 359.47 OK
r-release-macos-arm64 0.3.9.6 127.00 OK
r-release-macos-x86_64 0.3.9.6 165.00 OK
r-release-windows-x86_64 0.3.9.6 35.00 391.00 426.00 OK
r-oldrel-macos-arm64 0.3.9.6 114.00 OK
r-oldrel-macos-x86_64 0.3.9.6 162.00 OK
r-oldrel-windows-ix86+x86_64 0.3.9.6 51.00 278.00 329.00 WARN

Check Details

Version: 0.3.9.6
Check: re-building of vignette outputs
Result: WARN
    Error(s) in re-building vignettes:
    --- re-building 'theft.Rmd' using rmarkdown
    No IDs removed. All value vectors good for feature extraction.
    Running computations for catch22...
    Warning: As of 0.1.14 the feature 'CO_f1ecac' returns a double instead of int
    This warning is displayed once per session.
    
    Calculations completed for catch22.
    Null testing method 'model free shuffles' is fast. Consider running more permutations for more reliable results. N = 10000 is recommended.
    Quitting from lines 283-301 (theft.Rmd)
    Error: processing vignette 'theft.Rmd' failed with diagnostics:
    argument is of length zero
    --- failed re-building 'theft.Rmd'
    
    SUMMARY: processing the following file failed:
     'theft.Rmd'
    
    Error: Vignette re-building failed.
    Execution halted
Flavor: r-oldrel-windows-ix86+x86_64