CRAN Package Check Results for Package tfdeploy

Last updated on 2022-08-15 07:50:29 CEST.

Flavor Version Tinstall Tcheck Ttotal Status Flags
r-devel-linux-x86_64-debian-clang 0.6.1 10.69 85.20 95.89 NOTE
r-devel-linux-x86_64-debian-gcc 0.6.1 8.57 64.98 73.55 NOTE
r-devel-linux-x86_64-fedora-clang 0.6.1 126.82 NOTE
r-devel-linux-x86_64-fedora-gcc 0.6.1 123.11 NOTE
r-devel-windows-x86_64 0.6.1 56.00 120.00 176.00 NOTE
r-patched-linux-x86_64 0.6.1 9.51 83.02 92.53 NOTE
r-release-linux-x86_64 0.6.1 10.49 81.93 92.42 NOTE
r-release-macos-arm64 0.6.1 32.00 NOTE
r-release-macos-x86_64 0.6.1 52.00 NOTE
r-release-windows-x86_64 0.6.1 91.00 125.00 216.00 NOTE
r-oldrel-macos-arm64 0.6.1 38.00 NOTE
r-oldrel-macos-x86_64 0.6.1 62.00 NOTE
r-oldrel-windows-ix86+x86_64 0.6.1 21.00 100.00 121.00 NOTE

Check Details

Version: 0.6.1
Check: LazyData
Result: NOTE
     'LazyData' is specified without a 'data' directory
Flavors: r-devel-linux-x86_64-debian-clang, r-devel-linux-x86_64-debian-gcc, r-devel-linux-x86_64-fedora-clang, r-devel-linux-x86_64-fedora-gcc, r-devel-windows-x86_64, r-patched-linux-x86_64, r-release-linux-x86_64, r-release-macos-arm64, r-release-macos-x86_64, r-release-windows-x86_64, r-oldrel-macos-arm64, r-oldrel-macos-x86_64, r-oldrel-windows-ix86+x86_64