CRAN Package Check Results for Package text2speech

Last updated on 2022-08-10 07:51:56 CEST.

Flavor Version Tinstall Tcheck Ttotal Status Flags
r-devel-linux-x86_64-debian-clang 0.2.13 2.50 40.53 43.03 NOTE
r-devel-linux-x86_64-debian-gcc 0.2.13 1.94 30.26 32.20 NOTE
r-devel-linux-x86_64-fedora-clang 0.2.13 60.87 NOTE
r-devel-linux-x86_64-fedora-gcc 0.2.13 60.22 NOTE
r-devel-windows-x86_64 0.2.13 30.00 92.00 122.00 NOTE
r-patched-linux-x86_64 0.2.13 6.14 38.39 44.53 NOTE
r-release-linux-x86_64 0.2.13 NOTE
r-release-macos-arm64 0.2.13 25.00 NOTE
r-release-macos-x86_64 0.2.13 42.00 NOTE
r-release-windows-x86_64 0.2.13 19.00 92.00 111.00 NOTE
r-oldrel-macos-arm64 0.2.13 30.00 NOTE
r-oldrel-macos-x86_64 0.2.13 41.00 NOTE
r-oldrel-windows-ix86+x86_64 0.2.13 8.00 63.00 71.00 NOTE

Check Details

Version: 0.2.13
Check: LazyData
Result: NOTE
     'LazyData' is specified without a 'data' directory
Flavors: r-devel-linux-x86_64-debian-clang, r-devel-linux-x86_64-debian-gcc, r-devel-linux-x86_64-fedora-clang, r-devel-linux-x86_64-fedora-gcc, r-devel-windows-x86_64, r-patched-linux-x86_64, r-release-linux-x86_64, r-release-macos-arm64, r-release-macos-x86_64, r-release-windows-x86_64, r-oldrel-macos-arm64, r-oldrel-macos-x86_64, r-oldrel-windows-ix86+x86_64