CRAN Package Check Results for Package testforDEP

Last updated on 2022-07-04 07:49:09 CEST.

Flavor Version Tinstall Tcheck Ttotal Status Flags
r-devel-linux-x86_64-debian-clang 0.2.0 63.12 124.10 187.22 OK
r-devel-linux-x86_64-debian-gcc 0.2.0 48.23 91.90 140.13 OK
r-devel-linux-x86_64-fedora-clang 0.2.0 253.06 NOTE
r-devel-linux-x86_64-fedora-gcc 0.2.0 232.28 NOTE
r-devel-windows-x86_64 0.2.0 60.00 156.00 216.00 OK
r-patched-linux-x86_64 0.2.0 45.21 113.84 159.05 OK
r-release-linux-x86_64 0.2.0 41.25 115.72 156.97 OK
r-release-macos-arm64 0.2.0 64.00 OK
r-release-macos-x86_64 0.2.0 103.00 OK
r-release-windows-x86_64 0.2.0 66.00 152.00 218.00 OK
r-oldrel-macos-arm64 0.2.0 65.00 OK
r-oldrel-macos-x86_64 0.2.0 106.00 OK
r-oldrel-windows-ix86+x86_64 0.2.0 148.00 198.00 346.00 OK

Check Details

Version: 0.2.0
Check: compiled code
Result: NOTE
    File ‘testforDEP/libs/testforDEP.so’:
     Found no calls to: ‘R_registerRoutines’, ‘R_useDynamicSymbols’
    
    It is good practice to register native routines and to disable symbol
    search.
    
    See ‘Writing portable packages’ in the ‘Writing R Extensions’ manual.
Flavors: r-devel-linux-x86_64-fedora-clang, r-devel-linux-x86_64-fedora-gcc