CRAN Package Check Results for Package testcorr

Last updated on 2022-01-21 08:52:18 CET.

Flavor Version Tinstall Tcheck Ttotal Status Flags
r-devel-linux-x86_64-debian-clang 0.2.0 5.15 86.65 91.80 OK
r-devel-linux-x86_64-debian-gcc 0.2.0 4.14 65.13 69.27 OK
r-devel-linux-x86_64-fedora-clang 0.2.0 137.12 NOTE
r-devel-linux-x86_64-fedora-gcc 0.2.0 115.67 NOTE
r-devel-windows-x86_64-new-UL 0.2.0 22.00 126.00 148.00 OK
r-devel-windows-x86_64-new-TK 0.2.0 OK
r-patched-linux-x86_64 0.2.0 4.72 80.31 85.03 OK
r-release-linux-x86_64 0.2.0 4.71 80.78 85.49 OK
r-release-macos-arm64 0.2.0 OK
r-release-macos-x86_64 0.2.0 OK
r-release-windows-ix86+x86_64 0.2.0 16.00 97.00 113.00 OK
r-oldrel-macos-x86_64 0.2.0 OK
r-oldrel-windows-ix86+x86_64 0.2.0 16.00 96.00 112.00 OK

Check Details

Version: 0.2.0
Check: for detritus in the temp directory
Result: NOTE
    Found the following files/directories:
     ‘par-7269706c6579’
Flavors: r-devel-linux-x86_64-fedora-clang, r-devel-linux-x86_64-fedora-gcc