CRAN Package Check Results for Package terra

Last updated on 2022-07-05 07:51:08 CEST.

Flavor Version Tinstall Tcheck Ttotal Status Flags
r-devel-linux-x86_64-debian-clang 1.5-34 504.99 338.85 843.84 OK
r-devel-linux-x86_64-debian-gcc 1.5-34 472.02 247.68 719.70 OK
r-devel-linux-x86_64-fedora-clang 1.5-34 1156.78 NOTE
r-devel-linux-x86_64-fedora-gcc 1.5-34 1166.20 OK
r-devel-windows-x86_64 1.5-34 604.00 902.00 1506.00 NOTE
r-patched-linux-x86_64 1.5-34 485.98 314.76 800.74 OK
r-release-linux-x86_64 1.5-34 487.16 320.17 807.33 OK
r-release-macos-arm64 1.5-34 298.00 NOTE
r-release-macos-x86_64 1.5-34 42.00 ERROR
r-release-windows-x86_64 1.5-34 592.00 869.00 1461.00 NOTE
r-oldrel-macos-arm64 1.5-34 281.00 NOTE
r-oldrel-macos-x86_64 1.5-34 42.00 ERROR
r-oldrel-windows-ix86+x86_64 1.5-34 3.00 9.00 12.00 ERROR

Check Details

Version: 1.5-34
Check: installed package size
Result: NOTE
     installed size is 33.8Mb
     sub-directories of 1Mb or more:
     R 1.8Mb
     libs 30.9Mb
Flavors: r-devel-linux-x86_64-fedora-clang, r-devel-windows-x86_64, r-release-macos-arm64, r-release-windows-x86_64, r-oldrel-macos-arm64

Version: 1.5-34
Check: whether package can be installed
Result: ERROR
    Installation failed.
Flavors: r-release-macos-x86_64, r-oldrel-macos-x86_64, r-oldrel-windows-ix86+x86_64