CRAN Package Check Results for Package tensorr

Last updated on 2022-01-28 06:53:37 CET.

Flavor Version Tinstall Tcheck Ttotal Status Flags
r-devel-linux-x86_64-debian-clang 0.1.1 14.29 101.77 116.06 NOTE
r-devel-linux-x86_64-debian-gcc 0.1.1 12.79 87.33 100.12 NOTE
r-devel-linux-x86_64-fedora-clang 0.1.1 142.13 NOTE
r-devel-linux-x86_64-fedora-gcc 0.1.1 131.77 NOTE
r-devel-windows-x86_64-new-UL 0.1.1 108.00 136.00 244.00 NOTE
r-devel-windows-x86_64-new-TK 0.1.1 NOTE
r-patched-linux-x86_64 0.1.1 13.42 95.69 109.11 NOTE
r-release-linux-x86_64 0.1.1 10.61 92.18 102.79 NOTE
r-release-macos-arm64 0.1.1 NOTE
r-release-macos-x86_64 0.1.1 NOTE
r-release-windows-ix86+x86_64 0.1.1 30.00 113.00 143.00 NOTE
r-oldrel-macos-x86_64 0.1.1 OK
r-oldrel-windows-ix86+x86_64 0.1.1 29.00 109.00 138.00 OK

Check Details

Version: 0.1.1
Check: LazyData
Result: NOTE
     'LazyData' is specified without a 'data' directory
Flavors: r-devel-linux-x86_64-debian-clang, r-devel-linux-x86_64-debian-gcc, r-devel-linux-x86_64-fedora-clang, r-devel-linux-x86_64-fedora-gcc, r-devel-windows-x86_64-new-UL, r-devel-windows-x86_64-new-TK, r-patched-linux-x86_64, r-release-linux-x86_64, r-release-macos-arm64, r-release-macos-x86_64, r-release-windows-ix86+x86_64