Last updated on 2022-05-23 06:50:01 CEST.
Flavor | Version | Tinstall | Tcheck | Ttotal | Status | Flags |
---|---|---|---|---|---|---|
r-devel-linux-x86_64-debian-clang | 1.0.8 | 230.56 | 117.62 | 348.18 | NOTE | |
r-devel-linux-x86_64-debian-gcc | 1.0.8 | 194.82 | 87.27 | 282.09 | NOTE | |
r-devel-linux-x86_64-fedora-clang | 1.0.8 | 531.45 | NOTE | |||
r-devel-linux-x86_64-fedora-gcc | 1.0.8 | 444.13 | NOTE | |||
r-devel-windows-x86_64 | 1.0.8 | 525.00 | 161.00 | 686.00 | NOTE | |
r-patched-linux-x86_64 | 1.0.8 | 186.66 | 111.94 | 298.60 | NOTE | |
r-release-linux-x86_64 | 1.0.8 | NOTE | ||||
r-release-macos-arm64 | 1.0.8 | 109.00 | NOTE | |||
r-release-macos-x86_64 | 1.0.8 | 172.00 | NOTE | |||
r-release-windows-x86_64 | 1.0.8 | 550.00 | 165.00 | 715.00 | NOTE | |
r-oldrel-macos-arm64 | 1.0.8 | 112.00 | NOTE | |||
r-oldrel-macos-x86_64 | 1.0.8 | 180.00 | NOTE | |||
r-oldrel-windows-ix86+x86_64 | 1.0.8 | 603.00 | 185.00 | 788.00 | NOTE |
Version: 1.0.8
Check: LazyData
Result: NOTE
'LazyData' is specified without a 'data' directory
Flavors: r-devel-linux-x86_64-debian-clang, r-devel-linux-x86_64-debian-gcc, r-devel-linux-x86_64-fedora-clang, r-devel-linux-x86_64-fedora-gcc, r-devel-windows-x86_64, r-patched-linux-x86_64, r-release-linux-x86_64, r-release-macos-arm64, r-release-macos-x86_64, r-release-windows-x86_64, r-oldrel-macos-arm64, r-oldrel-macos-x86_64, r-oldrel-windows-ix86+x86_64
Version: 1.0.8
Check: installed package size
Result: NOTE
installed size is 13.4Mb
sub-directories of 1Mb or more:
apps 3.2Mb
libs 8.2Mb
Flavors: r-devel-linux-x86_64-fedora-clang, r-release-macos-arm64, r-release-macos-x86_64, r-oldrel-macos-arm64, r-oldrel-macos-x86_64, r-oldrel-windows-ix86+x86_64