Last updated on 2022-05-16 07:49:15 CEST.
Flavor | Version | Tinstall | Tcheck | Ttotal | Status | Flags |
---|---|---|---|---|---|---|
r-devel-linux-x86_64-debian-clang | 0.2.0 | 174.20 | 147.81 | 322.01 | OK | |
r-devel-linux-x86_64-debian-gcc | 0.2.0 | 153.72 | 124.04 | 277.76 | OK | |
r-devel-linux-x86_64-fedora-clang | 0.2.0 | 460.99 | NOTE | |||
r-devel-linux-x86_64-fedora-gcc | 0.2.0 | 425.95 | OK | |||
r-devel-windows-x86_64 | 0.2.0 | 156.00 | 174.00 | 330.00 | OK | |
r-patched-linux-x86_64 | 0.2.0 | 167.47 | 141.21 | 308.68 | OK | |
r-release-linux-x86_64 | 0.2.0 | 170.39 | 141.04 | 311.43 | OK | |
r-release-macos-arm64 | 0.2.0 | 101.00 | NOTE | |||
r-release-macos-x86_64 | 0.2.0 | 133.00 | NOTE | |||
r-release-windows-x86_64 | 0.2.0 | 166.00 | 173.00 | 339.00 | OK | |
r-oldrel-macos-arm64 | 0.2.0 | 92.00 | NOTE | |||
r-oldrel-macos-x86_64 | 0.2.0 | 135.00 | NOTE | |||
r-oldrel-windows-ix86+x86_64 | 0.2.0 | 445.00 | 213.00 | 658.00 | OK |
Version: 0.2.0
Check: installed package size
Result: NOTE
installed size is 8.6Mb
sub-directories of 1Mb or more:
libs 7.5Mb
Flavors: r-devel-linux-x86_64-fedora-clang, r-release-macos-arm64, r-release-macos-x86_64, r-oldrel-macos-arm64, r-oldrel-macos-x86_64