Last updated on 2022-05-16 07:49:15 CEST.
Flavor | Version | Tinstall | Tcheck | Ttotal | Status | Flags |
---|---|---|---|---|---|---|
r-devel-linux-x86_64-debian-clang | 0.1.0 | 5.85 | 76.05 | 81.90 | OK | |
r-devel-linux-x86_64-debian-gcc | 0.1.0 | 3.55 | 56.08 | 59.63 | OK | |
r-devel-linux-x86_64-fedora-clang | 0.1.0 | 98.34 | NOTE | |||
r-devel-linux-x86_64-fedora-gcc | 0.1.0 | 94.09 | NOTE | |||
r-devel-windows-x86_64 | 0.1.0 | 22.00 | 94.00 | 116.00 | OK | |
r-patched-linux-x86_64 | 0.1.0 | 4.84 | 69.92 | 74.76 | OK | |
r-release-linux-x86_64 | 0.1.0 | 3.94 | 69.76 | 73.70 | OK | |
r-release-macos-arm64 | 0.1.0 | 29.00 | NOTE | |||
r-release-macos-x86_64 | 0.1.0 | 49.00 | NOTE | |||
r-release-windows-x86_64 | 0.1.0 | 27.00 | 95.00 | 122.00 | OK | |
r-oldrel-macos-arm64 | 0.1.0 | 28.00 | NOTE | |||
r-oldrel-macos-x86_64 | 0.1.0 | 52.00 | NOTE | |||
r-oldrel-windows-ix86+x86_64 | 0.1.0 | 17.00 | 296.00 | 313.00 | OK |
Version: 0.1.0
Check: data for non-ASCII characters
Result: NOTE
Note: found 81 marked UTF-8 strings
Flavors: r-devel-linux-x86_64-fedora-clang, r-devel-linux-x86_64-fedora-gcc, r-release-macos-arm64, r-release-macos-x86_64, r-oldrel-macos-arm64, r-oldrel-macos-x86_64