CRAN Package Check Results for Package tableschema.r

Last updated on 2022-07-03 07:52:07 CEST.

Flavor Version Tinstall Tcheck Ttotal Status Flags
r-devel-linux-x86_64-debian-clang 1.1.1 16.32 80.90 97.22 NOTE
r-devel-linux-x86_64-debian-gcc 1.1.1 9.56 58.45 68.01 NOTE
r-devel-linux-x86_64-fedora-gcc 1.1.1 127.30 NOTE
r-devel-windows-x86_64 1.1.1 134.00 161.00 295.00 NOTE
r-patched-linux-x86_64 1.1.1 19.85 79.00 98.85 NOTE
r-release-linux-x86_64 1.1.1 16.14 78.82 94.96 NOTE
r-release-macos-arm64 1.1.1 58.00 NOTE
r-release-macos-x86_64 1.1.1 78.00 NOTE
r-release-windows-x86_64 1.1.1 182.00 168.00 350.00 NOTE
r-oldrel-macos-arm64 1.1.1 58.00 NOTE
r-oldrel-macos-x86_64 1.1.1 1803.00 NOTE
r-oldrel-windows-ix86+x86_64 1.1.1 25.00 212.00 237.00 NOTE

Check Details

Version: 1.1.1
Check: LazyData
Result: NOTE
     'LazyData' is specified without a 'data' directory
Flavors: r-devel-linux-x86_64-debian-clang, r-devel-linux-x86_64-debian-gcc, r-devel-linux-x86_64-fedora-gcc, r-devel-windows-x86_64, r-patched-linux-x86_64, r-release-linux-x86_64, r-release-macos-arm64, r-release-macos-x86_64, r-release-windows-x86_64, r-oldrel-macos-arm64, r-oldrel-macos-x86_64, r-oldrel-windows-ix86+x86_64

Version: 1.1.1
Check: dependencies in R code
Result: NOTE
    Namespace in Imports field not imported from: ‘iterators’
     All declared Imports should be used.
Flavors: r-devel-linux-x86_64-fedora-gcc, r-release-macos-arm64, r-release-macos-x86_64, r-oldrel-macos-arm64, r-oldrel-macos-x86_64