CRAN Package Check Results for Package syslognet

Last updated on 2022-08-12 07:53:28 CEST.

Flavor Version Tinstall Tcheck Ttotal Status Flags
r-devel-linux-x86_64-debian-clang 0.1.2.1 1.76 20.51 22.27 NOTE
r-devel-linux-x86_64-debian-gcc 0.1.2.1 1.51 16.04 17.55 NOTE
r-devel-linux-x86_64-fedora-clang 0.1.2.1 38.30 NOTE
r-devel-linux-x86_64-fedora-gcc 0.1.2.1 36.97 NOTE
r-devel-windows-x86_64 0.1.2.1 12.00 44.00 56.00 NOTE
r-patched-linux-x86_64 0.1.2.1 1.63 19.86 21.49 NOTE
r-release-linux-x86_64 0.1.2.1 1.52 20.09 21.61 NOTE
r-release-macos-arm64 0.1.2.1 14.00 NOTE
r-release-macos-x86_64 0.1.2.1 19.00 NOTE
r-release-windows-x86_64 0.1.2.1 5.00 45.00 50.00 NOTE
r-oldrel-macos-arm64 0.1.2.1 15.00 NOTE
r-oldrel-macos-x86_64 0.1.2.1 22.00 NOTE
r-oldrel-windows-ix86+x86_64 0.1.2.1 4.00 27.00 31.00 NOTE

Check Details

Version: 0.1.2.1
Check: LazyData
Result: NOTE
     'LazyData' is specified without a 'data' directory
Flavors: r-devel-linux-x86_64-debian-clang, r-devel-linux-x86_64-debian-gcc, r-devel-linux-x86_64-fedora-clang, r-devel-linux-x86_64-fedora-gcc, r-devel-windows-x86_64, r-patched-linux-x86_64, r-release-linux-x86_64, r-release-macos-arm64, r-release-macos-x86_64, r-release-windows-x86_64, r-oldrel-macos-arm64, r-oldrel-macos-x86_64, r-oldrel-windows-ix86+x86_64