CRAN Package Check Results for Package sysid

Last updated on 2022-06-29 07:51:34 CEST.

Flavor Version Tinstall Tcheck Ttotal Status Flags
r-devel-linux-x86_64-debian-clang 1.0.4 7.90 83.07 90.97 NOTE
r-devel-linux-x86_64-debian-gcc 1.0.4 7.09 62.18 69.27 NOTE
r-devel-linux-x86_64-fedora-clang 1.0.4 122.31 NOTE
r-devel-linux-x86_64-fedora-gcc 1.0.4 119.17 NOTE
r-devel-windows-x86_64 1.0.4 28.00 110.00 138.00 OK
r-patched-linux-x86_64 1.0.4 10.00 78.42 88.42 NOTE
r-release-linux-x86_64 1.0.4 6.94 77.43 84.37 NOTE
r-release-macos-arm64 1.0.4 36.00 OK
r-release-macos-x86_64 1.0.4 66.00 OK
r-release-windows-x86_64 1.0.4 29.00 109.00 138.00 OK
r-oldrel-macos-arm64 1.0.4 43.00 OK
r-oldrel-macos-x86_64 1.0.4 69.00 OK
r-oldrel-windows-ix86+x86_64 1.0.4 21.00 102.00 123.00 OK

Check Details

Version: 1.0.4
Check: for non-standard things in the check directory
Result: NOTE
    Found the following files/directories:
     'test.csv'
Flavors: r-devel-linux-x86_64-debian-clang, r-devel-linux-x86_64-debian-gcc, r-devel-linux-x86_64-fedora-clang, r-devel-linux-x86_64-fedora-gcc, r-patched-linux-x86_64, r-release-linux-x86_64