CRAN Package Check Results for Package sybilcycleFreeFlux

Last updated on 2022-06-29 07:51:34 CEST.

Flavor Version Tinstall Tcheck Ttotal Status Flags
r-devel-linux-x86_64-debian-clang 2.0.2 10.09 95.45 105.54 NOTE
r-devel-linux-x86_64-debian-gcc 2.0.2 8.27 73.58 81.85 NOTE
r-devel-linux-x86_64-fedora-clang 2.0.2 138.26 NOTE
r-devel-linux-x86_64-fedora-gcc 2.0.2 139.48 NOTE
r-devel-windows-x86_64 2.0.2 35.00 116.00 151.00 NOTE
r-patched-linux-x86_64 2.0.2 12.54 93.30 105.84 NOTE
r-release-linux-x86_64 2.0.2 8.90 94.19 103.09 NOTE
r-release-macos-arm64 2.0.2 41.00 NOTE
r-release-macos-x86_64 2.0.2 55.00 NOTE
r-release-windows-x86_64 2.0.2 62.00 113.00 175.00 NOTE
r-oldrel-macos-arm64 2.0.2 43.00 NOTE
r-oldrel-macos-x86_64 2.0.2 76.00 NOTE
r-oldrel-windows-ix86+x86_64 2.0.2 21.00 108.00 129.00 NOTE

Check Details

Version: 2.0.2
Check: package dependencies
Result: NOTE
    Package suggested but not available for checking: 'cplexAPI'
Flavors: r-devel-linux-x86_64-debian-clang, r-devel-linux-x86_64-debian-gcc, r-devel-linux-x86_64-fedora-clang, r-devel-linux-x86_64-fedora-gcc, r-devel-windows-x86_64, r-patched-linux-x86_64, r-release-linux-x86_64, r-release-macos-arm64, r-release-macos-x86_64, r-release-windows-x86_64, r-oldrel-macos-arm64, r-oldrel-macos-x86_64, r-oldrel-windows-ix86+x86_64