Last updated on 2022-07-03 07:52:07 CEST.
Flavor | Version | Tinstall | Tcheck | Ttotal | Status | Flags |
---|---|---|---|---|---|---|
r-devel-linux-x86_64-debian-clang | 3.0.1 | 17.72 | 104.96 | 122.68 | NOTE | |
r-devel-linux-x86_64-debian-gcc | 3.0.1 | 15.93 | 78.21 | 94.14 | NOTE | |
r-devel-linux-x86_64-fedora-clang | 3.0.1 | 156.20 | NOTE | |||
r-devel-linux-x86_64-fedora-gcc | 3.0.1 | 158.46 | NOTE | |||
r-devel-windows-x86_64 | 3.0.1 | 57.00 | 123.00 | 180.00 | NOTE | |
r-patched-linux-x86_64 | 3.0.1 | 17.68 | 99.49 | 117.17 | NOTE | |
r-release-linux-x86_64 | 3.0.1 | 13.75 | 99.71 | 113.46 | NOTE | |
r-release-macos-arm64 | 3.0.1 | 46.00 | NOTE | |||
r-release-macos-x86_64 | 3.0.1 | 65.00 | NOTE | |||
r-release-windows-x86_64 | 3.0.1 | 49.00 | 129.00 | 178.00 | NOTE | |
r-oldrel-macos-arm64 | 3.0.1 | 52.00 | NOTE | |||
r-oldrel-macos-x86_64 | 3.0.1 | 86.00 | NOTE | |||
r-oldrel-windows-ix86+x86_64 | 3.0.1 | 33.00 | 121.00 | 154.00 | NOTE |
Version: 3.0.1
Check: package dependencies
Result: NOTE
Package suggested but not available for checking: 'cplexAPI'
Flavors: r-devel-linux-x86_64-debian-clang, r-devel-linux-x86_64-debian-gcc, r-devel-linux-x86_64-fedora-clang, r-devel-linux-x86_64-fedora-gcc, r-devel-windows-x86_64, r-patched-linux-x86_64, r-release-linux-x86_64, r-release-macos-arm64, r-release-macos-x86_64, r-release-windows-x86_64, r-oldrel-macos-arm64, r-oldrel-macos-x86_64, r-oldrel-windows-ix86+x86_64
Version: 3.0.1
Check: installed package size
Result: NOTE
installed size is 5.2Mb
sub-directories of 1Mb or more:
extdata 4.2Mb
Flavors: r-devel-linux-x86_64-fedora-clang, r-devel-windows-x86_64, r-release-macos-arm64, r-release-macos-x86_64, r-release-windows-x86_64, r-oldrel-macos-arm64, r-oldrel-macos-x86_64, r-oldrel-windows-ix86+x86_64
Version: 3.0.1
Check: data for non-ASCII characters
Result: NOTE
Note: found 1 marked UTF-8 string
Flavors: r-devel-linux-x86_64-fedora-clang, r-devel-linux-x86_64-fedora-gcc, r-release-macos-arm64, r-release-macos-x86_64, r-oldrel-macos-arm64, r-oldrel-macos-x86_64