Last updated on 2022-05-18 07:49:10 CEST.
Flavor | Version | Tinstall | Tcheck | Ttotal | Status | Flags |
---|---|---|---|---|---|---|
r-devel-linux-x86_64-debian-clang | 2.2.0 | 27.08 | 285.25 | 312.33 | NOTE | |
r-devel-linux-x86_64-debian-gcc | 2.2.0 | 20.20 | 208.84 | 229.04 | NOTE | |
r-devel-linux-x86_64-fedora-clang | 2.2.0 | 378.86 | NOTE | |||
r-devel-linux-x86_64-fedora-gcc | 2.2.0 | 365.26 | NOTE | |||
r-devel-windows-x86_64 | 2.2.0 | 202.00 | 387.00 | 589.00 | NOTE | |
r-patched-linux-x86_64 | 2.2.0 | 33.81 | 256.44 | 290.25 | NOTE | |
r-release-linux-x86_64 | 2.2.0 | 23.35 | 261.51 | 284.86 | NOTE | |
r-release-macos-arm64 | 2.2.0 | 139.00 | NOTE | |||
r-release-macos-x86_64 | 2.2.0 | 241.00 | NOTE | |||
r-release-windows-x86_64 | 2.2.0 | 197.00 | 389.00 | 586.00 | NOTE | |
r-oldrel-macos-arm64 | 2.2.0 | 163.00 | NOTE | |||
r-oldrel-macos-x86_64 | 2.2.0 | 253.00 | NOTE | |||
r-oldrel-windows-ix86+x86_64 | 2.2.0 | 50.00 | 225.00 | 275.00 | NOTE |
Version: 2.2.0
Check: package dependencies
Result: NOTE
Packages suggested but not available for checking: 'cplexAPI', 'clpAPI'
Flavors: r-devel-linux-x86_64-debian-clang, r-devel-linux-x86_64-debian-gcc, r-devel-linux-x86_64-fedora-clang, r-devel-linux-x86_64-fedora-gcc, r-patched-linux-x86_64, r-release-linux-x86_64, r-release-macos-arm64, r-release-macos-x86_64, r-oldrel-macos-arm64, r-oldrel-macos-x86_64
Version: 2.2.0
Check: package dependencies
Result: NOTE
Package suggested but not available for checking: 'cplexAPI'
Flavors: r-devel-windows-x86_64, r-release-windows-x86_64, r-oldrel-windows-ix86+x86_64