CRAN Package Check Results for Package swfscAirDAS

Last updated on 2022-05-18 07:49:10 CEST.

Flavor Version Tinstall Tcheck Ttotal Status Flags
r-devel-linux-x86_64-debian-clang 0.2.2 11.91 125.47 137.38 NOTE
r-devel-linux-x86_64-debian-gcc 0.2.2 8.51 91.64 100.15 NOTE
r-devel-linux-x86_64-fedora-clang 0.2.2 156.95 NOTE
r-devel-linux-x86_64-fedora-gcc 0.2.2 153.41 NOTE
r-devel-windows-x86_64 0.2.2 72.00 139.00 211.00 NOTE
r-patched-linux-x86_64 0.2.2 11.39 116.28 127.67 NOTE
r-release-linux-x86_64 0.2.2 8.91 114.41 123.32 NOTE
r-release-macos-arm64 0.2.2 39.00 NOTE
r-release-macos-x86_64 0.2.2 73.00 NOTE
r-release-windows-x86_64 0.2.2 40.00 137.00 177.00 NOTE
r-oldrel-macos-arm64 0.2.2 51.00 NOTE
r-oldrel-macos-x86_64 0.2.2 81.00 NOTE
r-oldrel-windows-ix86+x86_64 0.2.2 26.00 132.00 158.00 NOTE

Check Details

Version: 0.2.2
Check: LazyData
Result: NOTE
     'LazyData' is specified without a 'data' directory
Flavors: r-devel-linux-x86_64-debian-clang, r-devel-linux-x86_64-debian-gcc, r-devel-linux-x86_64-fedora-clang, r-devel-linux-x86_64-fedora-gcc, r-devel-windows-x86_64, r-patched-linux-x86_64, r-release-linux-x86_64, r-release-macos-arm64, r-release-macos-x86_64, r-release-windows-x86_64, r-oldrel-macos-arm64, r-oldrel-macos-x86_64, r-oldrel-windows-ix86+x86_64