CRAN Package Check Results for Package swa

Last updated on 2022-07-04 07:49:08 CEST.

Flavor Version Tinstall Tcheck Ttotal Status Flags
r-devel-linux-x86_64-debian-clang 0.8.1 5.47 63.89 69.36 NOTE
r-devel-linux-x86_64-debian-gcc 0.8.1 4.68 47.64 52.32 NOTE
r-devel-linux-x86_64-fedora-clang 0.8.1 92.90 WARN
r-devel-linux-x86_64-fedora-gcc 0.8.1 91.40 WARN
r-devel-windows-x86_64 0.8.1 9.00 90.00 99.00 NOTE
r-patched-linux-x86_64 0.8.1 5.16 60.82 65.98 NOTE
r-release-linux-x86_64 0.8.1 4.24 59.58 63.82 NOTE
r-release-macos-arm64 0.8.1 28.00 NOTE
r-release-macos-x86_64 0.8.1 51.00 NOTE
r-release-windows-x86_64 0.8.1 10.00 88.00 98.00 NOTE
r-oldrel-macos-arm64 0.8.1 34.00 NOTE
r-oldrel-macos-x86_64 0.8.1 48.00 NOTE
r-oldrel-windows-ix86+x86_64 0.8.1 16.00 79.00 95.00 NOTE

Check Details

Version: 0.8.1
Check: LazyData
Result: NOTE
     'LazyData' is specified without a 'data' directory
Flavors: r-devel-linux-x86_64-debian-clang, r-devel-linux-x86_64-debian-gcc, r-devel-linux-x86_64-fedora-clang, r-devel-linux-x86_64-fedora-gcc, r-devel-windows-x86_64, r-patched-linux-x86_64, r-release-linux-x86_64, r-release-macos-arm64, r-release-macos-x86_64, r-release-windows-x86_64, r-oldrel-macos-arm64, r-oldrel-macos-x86_64, r-oldrel-windows-ix86+x86_64

Version: 0.8.1
Check: package dependencies
Result: WARN
    Requires (indirectly) orphaned package: ‘gtools’
Flavors: r-devel-linux-x86_64-fedora-clang, r-devel-linux-x86_64-fedora-gcc