CRAN Package Check Results for Package survivalAnalysis

Last updated on 2022-01-18 06:53:02 CET.

Flavor Version Tinstall Tcheck Ttotal Status Flags
r-devel-linux-x86_64-debian-clang 0.2.0 12.20 143.77 155.97 OK
r-devel-linux-x86_64-debian-gcc 0.2.0 12.17 105.16 117.33 OK
r-devel-linux-x86_64-fedora-clang 0.2.0 185.34 OK
r-devel-linux-x86_64-fedora-gcc 0.2.0 169.27 OK
r-devel-windows-x86_64-new-UL 0.2.0 112.00 168.00 280.00 OK
r-devel-windows-x86_64-new-TK 0.2.0 ERROR
r-patched-linux-x86_64 0.2.0 17.19 139.18 156.37 OK
r-release-linux-x86_64 0.2.0 OK
r-release-macos-arm64 0.2.0 OK
r-release-macos-x86_64 0.2.0 OK
r-release-windows-ix86+x86_64 0.2.0 30.00 163.00 193.00 OK
r-oldrel-macos-x86_64 0.2.0 OK
r-oldrel-windows-ix86+x86_64 0.2.0 31.00 171.00 202.00 OK

Check Details

Version: 0.2.0
Check: package dependencies
Result: ERROR
    Package required but not available: 'survminer'
    
    See section 'The DESCRIPTION file' in the 'Writing R Extensions'
    manual.
Flavor: r-devel-windows-x86_64-new-TK