Last updated on 2022-07-03 07:52:07 CEST.
Flavor | Version | Tinstall | Tcheck | Ttotal | Status | Flags |
---|---|---|---|---|---|---|
r-devel-linux-x86_64-debian-clang | 0.0.1 | 34.53 | 151.54 | 186.07 | OK | |
r-devel-linux-x86_64-debian-gcc | 0.0.1 | 26.51 | 108.90 | 135.41 | OK | |
r-devel-linux-x86_64-fedora-clang | 0.0.1 | 238.74 | NOTE | |||
r-devel-linux-x86_64-fedora-gcc | 0.0.1 | 232.37 | NOTE | |||
r-devel-windows-x86_64 | 0.0.1 | 73.00 | 180.00 | 253.00 | OK | |
r-patched-linux-x86_64 | 0.0.1 | 29.80 | 136.32 | 166.12 | OK | |
r-release-linux-x86_64 | 0.0.1 | 29.50 | 137.06 | 166.56 | OK | |
r-release-macos-arm64 | 0.0.1 | 57.00 | OK | |||
r-release-macos-x86_64 | 0.0.1 | 99.00 | OK | |||
r-release-windows-x86_64 | 0.0.1 | 189.00 | 181.00 | 370.00 | OK | |
r-oldrel-macos-arm64 | 0.0.1 | 65.00 | OK | |||
r-oldrel-macos-x86_64 | 0.0.1 | 127.00 | OK | |||
r-oldrel-windows-ix86+x86_64 | 0.0.1 | 88.00 | 312.00 | 400.00 | OK |
Version: 0.0.1
Check: compiled code
Result: NOTE
File ‘surveybootstrap/libs/surveybootstrap.so’:
Found no calls to: ‘R_registerRoutines’, ‘R_useDynamicSymbols’
It is good practice to register native routines and to disable symbol
search.
See ‘Writing portable packages’ in the ‘Writing R Extensions’ manual.
Flavors: r-devel-linux-x86_64-fedora-clang, r-devel-linux-x86_64-fedora-gcc