CRAN Package Check Results for Package superb

Last updated on 2022-07-03 07:52:07 CEST.

Flavor Version Tinstall Tcheck Ttotal Status Flags
r-devel-linux-x86_64-debian-clang 0.95.0 10.45 317.47 327.92 OK
r-devel-linux-x86_64-debian-gcc 0.95.0 7.60 220.28 227.88 OK
r-devel-linux-x86_64-fedora-clang 0.95.0 373.79 NOTE
r-devel-linux-x86_64-fedora-gcc 0.95.0 370.61 OK
r-devel-windows-x86_64 0.95.0 52.00 371.00 423.00 NOTE
r-patched-linux-x86_64 0.95.0 13.03 290.46 303.49 OK
r-release-linux-x86_64 0.95.0 10.91 284.87 295.78 OK
r-release-macos-arm64 0.95.0 128.00 NOTE
r-release-macos-x86_64 0.95.0 169.00 NOTE
r-release-windows-x86_64 0.95.0 70.00 373.00 443.00 NOTE
r-oldrel-macos-arm64 0.95.0 142.00 NOTE
r-oldrel-macos-x86_64 0.95.0 191.00 NOTE
r-oldrel-windows-ix86+x86_64 0.95.0 25.00 399.00 424.00 NOTE

Check Details

Version: 0.95.0
Check: installed package size
Result: NOTE
     installed size is 13.4Mb
     sub-directories of 1Mb or more:
     doc 12.8Mb
Flavors: r-devel-linux-x86_64-fedora-clang, r-devel-windows-x86_64, r-release-macos-arm64, r-release-macos-x86_64, r-release-windows-x86_64, r-oldrel-macos-arm64, r-oldrel-macos-x86_64, r-oldrel-windows-ix86+x86_64