CRAN Package Check Results for Package subscreen

Last updated on 2022-01-23 07:14:15 CET.

Flavor Version Tinstall Tcheck Ttotal Status Flags
r-devel-linux-x86_64-debian-clang 3.0.5 4.20 52.86 57.06 NOTE
r-devel-linux-x86_64-debian-gcc 3.0.5 4.19 46.63 50.82 NOTE
r-devel-linux-x86_64-fedora-clang 3.0.5 72.33 NOTE
r-devel-linux-x86_64-fedora-gcc 3.0.5 60.47 NOTE
r-devel-windows-x86_64-new-UL 3.0.5 23.00 85.00 108.00 NOTE
r-devel-windows-x86_64-new-TK 3.0.5 NOTE
r-patched-linux-x86_64 3.0.5 4.12 51.35 55.47 NOTE
r-release-linux-x86_64 3.0.5 3.30 50.97 54.27 NOTE
r-release-macos-arm64 3.0.5 NOTE
r-release-macos-x86_64 3.0.5 NOTE
r-release-windows-ix86+x86_64 3.0.5 13.00 70.00 83.00 NOTE
r-oldrel-macos-x86_64 3.0.5 NOTE
r-oldrel-windows-ix86+x86_64 3.0.5 13.00 68.00 81.00 OK

Check Details

Version: 3.0.5
Check: LazyData
Result: NOTE
     'LazyData' is specified without a 'data' directory
Flavors: r-devel-linux-x86_64-debian-clang, r-devel-linux-x86_64-debian-gcc, r-devel-linux-x86_64-fedora-clang, r-devel-linux-x86_64-fedora-gcc, r-devel-windows-x86_64-new-UL, r-devel-windows-x86_64-new-TK, r-patched-linux-x86_64, r-release-linux-x86_64, r-release-macos-arm64, r-release-macos-x86_64, r-release-windows-ix86+x86_64

Version: 3.0.5
Check: dependencies in R code
Result: NOTE
    Namespaces in Imports field not imported from:
     ‘DT’ ‘bsplus’ ‘colourpicker’ ‘grDevices’ ‘graphics’ ‘jsonlite’
     ‘purrr’ ‘shinyWidgets’ ‘shinyjs’
     All declared Imports should be used.
Flavors: r-devel-linux-x86_64-fedora-clang, r-devel-linux-x86_64-fedora-gcc, r-devel-windows-x86_64-new-TK, r-release-macos-arm64, r-release-macos-x86_64, r-oldrel-macos-x86_64