Last updated on 2022-05-19 07:50:21 CEST.
Flavor | Version | Tinstall | Tcheck | Ttotal | Status | Flags |
---|---|---|---|---|---|---|
r-devel-linux-x86_64-debian-clang | 0.2.0 | 7.90 | 87.29 | 95.19 | OK | |
r-devel-linux-x86_64-debian-gcc | 0.2.0 | 5.62 | 64.60 | 70.22 | OK | |
r-devel-linux-x86_64-fedora-clang | 0.2.0 | 111.18 | NOTE | |||
r-devel-linux-x86_64-fedora-gcc | 0.2.0 | 108.73 | NOTE | |||
r-devel-windows-x86_64 | 0.2.0 | 19.00 | 105.00 | 124.00 | OK | |
r-patched-linux-x86_64 | 0.2.0 | 7.69 | 82.81 | 90.50 | OK | |
r-release-linux-x86_64 | 0.2.0 | 6.97 | 81.50 | 88.47 | OK | |
r-release-macos-arm64 | 0.2.0 | 36.00 | NOTE | |||
r-release-macos-x86_64 | 0.2.0 | 46.00 | NOTE | |||
r-release-windows-x86_64 | 0.2.0 | 24.00 | 102.00 | 126.00 | OK | |
r-oldrel-macos-arm64 | 0.2.0 | 36.00 | NOTE | |||
r-oldrel-macos-x86_64 | 0.2.0 | 62.00 | NOTE | |||
r-oldrel-windows-ix86+x86_64 | 0.2.0 | 17.00 | 104.00 | 121.00 | OK |
Version: 0.2.0
Check: data for non-ASCII characters
Result: NOTE
Note: found 2 marked UTF-8 strings
Flavors: r-devel-linux-x86_64-fedora-clang, r-devel-linux-x86_64-fedora-gcc, r-release-macos-arm64, r-release-macos-x86_64, r-oldrel-macos-arm64, r-oldrel-macos-x86_64