CRAN Package Check Results for Package stringb

Last updated on 2022-08-15 07:50:28 CEST.

Flavor Version Tinstall Tcheck Ttotal Status Flags
r-devel-linux-x86_64-debian-clang 0.1.17 2.88 33.77 36.65 NOTE
r-devel-linux-x86_64-debian-gcc 0.1.17 3.05 25.93 28.98 NOTE
r-devel-linux-x86_64-fedora-clang 0.1.17 56.60 NOTE
r-devel-linux-x86_64-fedora-gcc 0.1.17 53.32 NOTE
r-devel-windows-x86_64 0.1.17 40.00 60.00 100.00 NOTE
r-patched-linux-x86_64 0.1.17 4.68 31.14 35.82 NOTE
r-release-linux-x86_64 0.1.17 3.71 31.74 35.45 NOTE
r-release-macos-arm64 0.1.17 17.00 NOTE
r-release-macos-x86_64 0.1.17 26.00 NOTE
r-release-windows-x86_64 0.1.17 50.00 62.00 112.00 NOTE
r-oldrel-macos-arm64 0.1.17 21.00 NOTE
r-oldrel-macos-x86_64 0.1.17 31.00 NOTE
r-oldrel-windows-ix86+x86_64 0.1.17 8.00 56.00 64.00 NOTE

Check Details

Version: 0.1.17
Check: LazyData
Result: NOTE
     'LazyData' is specified without a 'data' directory
Flavors: r-devel-linux-x86_64-debian-clang, r-devel-linux-x86_64-debian-gcc, r-devel-linux-x86_64-fedora-clang, r-devel-linux-x86_64-fedora-gcc, r-devel-windows-x86_64, r-patched-linux-x86_64, r-release-linux-x86_64, r-release-macos-arm64, r-release-macos-x86_64, r-release-windows-x86_64, r-oldrel-macos-arm64, r-oldrel-macos-x86_64, r-oldrel-windows-ix86+x86_64