Last updated on 2022-08-12 07:53:28 CEST.
Flavor | Version | Tinstall | Tcheck | Ttotal | Status | Flags |
---|---|---|---|---|---|---|
r-devel-linux-x86_64-debian-clang | 1.2 | 2.78 | 26.21 | 28.99 | NOTE | |
r-devel-linux-x86_64-debian-gcc | 1.2 | 2.14 | 20.26 | 22.40 | NOTE | |
r-devel-linux-x86_64-fedora-clang | 1.2 | 45.00 | NOTE | |||
r-devel-linux-x86_64-fedora-gcc | 1.2 | 44.59 | NOTE | |||
r-devel-windows-x86_64 | 1.2 | 6.00 | 59.00 | 65.00 | NOTE | |
r-patched-linux-x86_64 | 1.2 | 2.83 | 25.47 | 28.30 | NOTE | |
r-release-linux-x86_64 | 1.2 | 2.41 | 25.35 | 27.76 | NOTE | |
r-release-macos-arm64 | 1.2 | 19.00 | NOTE | |||
r-release-macos-x86_64 | 1.2 | 24.00 | NOTE | |||
r-release-windows-x86_64 | 1.2 | 11.00 | 62.00 | 73.00 | NOTE | |
r-oldrel-macos-arm64 | 1.2 | 22.00 | NOTE | |||
r-oldrel-macos-x86_64 | 1.2 | 32.00 | NOTE | |||
r-oldrel-windows-ix86+x86_64 | 1.2 | 7.00 | 51.00 | 58.00 | NOTE |
Version: 1.2
Check: LazyData
Result: NOTE
'LazyData' is specified without a 'data' directory
Flavors: r-devel-linux-x86_64-debian-clang, r-devel-linux-x86_64-debian-gcc, r-devel-linux-x86_64-fedora-clang, r-devel-linux-x86_64-fedora-gcc, r-devel-windows-x86_64, r-patched-linux-x86_64, r-release-linux-x86_64, r-release-macos-arm64, r-release-macos-x86_64, r-release-windows-x86_64, r-oldrel-macos-arm64, r-oldrel-macos-x86_64, r-oldrel-windows-ix86+x86_64