CRAN Package Check Results for Package stochvol

Last updated on 2022-08-13 07:55:34 CEST.

Flavor Version Tinstall Tcheck Ttotal Status Flags
r-devel-linux-x86_64-debian-clang 3.2.0 150.98 150.36 301.34 NOTE
r-devel-linux-x86_64-debian-gcc 3.2.0 116.24 115.03 231.27 NOTE
r-devel-linux-x86_64-fedora-clang 3.2.0 419.43 NOTE
r-devel-linux-x86_64-fedora-gcc 3.2.0 389.13 NOTE
r-devel-windows-x86_64 3.2.0 165.00 304.00 469.00 NOTE
r-patched-linux-x86_64 3.2.0 128.66 144.99 273.65 OK
r-release-linux-x86_64 3.2.0 126.69 146.06 272.75 OK
r-release-macos-arm64 3.2.0 105.00 NOTE
r-release-macos-x86_64 3.2.0 137.00 NOTE
r-release-windows-x86_64 3.2.0 151.00 285.00 436.00 OK
r-oldrel-macos-arm64 3.2.0 186.00 NOTE
r-oldrel-macos-x86_64 3.2.0 140.00 NOTE
r-oldrel-windows-ix86+x86_64 3.2.0 340.00 314.00 654.00 NOTE

Check Details

Version: 3.2.0
Check: package subdirectories
Result: NOTE
    Problems with news in 'NEWS.md':
     Cannot extract version info from the following section titles:
     Initial TODO
Flavors: r-devel-linux-x86_64-debian-clang, r-devel-linux-x86_64-debian-gcc, r-devel-linux-x86_64-fedora-clang, r-devel-linux-x86_64-fedora-gcc, r-devel-windows-x86_64

Version: 3.2.0
Check: installed package size
Result: NOTE
     installed size is 7.5Mb
     sub-directories of 1Mb or more:
     doc 1.9Mb
     libs 4.8Mb
Flavors: r-devel-linux-x86_64-fedora-clang, r-release-macos-arm64, r-release-macos-x86_64, r-oldrel-macos-arm64, r-oldrel-macos-x86_64, r-oldrel-windows-ix86+x86_64