CRAN Package Check Results for Package stm

Last updated on 2022-07-06 07:49:10 CEST.

Flavor Version Tinstall Tcheck Ttotal Status Flags
r-devel-linux-x86_64-debian-clang 1.3.6 55.14 306.36 361.50 OK
r-devel-linux-x86_64-debian-gcc 1.3.6 42.35 216.39 258.74 OK
r-devel-linux-x86_64-fedora-clang 1.3.6 430.88 OK
r-devel-linux-x86_64-fedora-gcc 1.3.6 427.90 OK
r-devel-windows-x86_64 1.3.6 63.00 367.00 430.00 OK
r-patched-linux-x86_64 1.3.6 48.96 283.50 332.46 OK
r-release-linux-x86_64 1.3.6 46.55 285.43 331.98 OK
r-release-macos-arm64 1.3.6 133.00 NOTE
r-release-macos-x86_64 1.3.6 185.00 NOTE
r-release-windows-x86_64 1.3.6 158.00 391.00 549.00 OK
r-oldrel-macos-arm64 1.3.6 148.00 NOTE
r-oldrel-macos-x86_64 1.3.6 233.00 NOTE
r-oldrel-windows-ix86+x86_64 1.3.6 111.00 545.00 656.00 OK

Check Details

Version: 1.3.6
Check: installed package size
Result: NOTE
     installed size is 5.3Mb
     sub-directories of 1Mb or more:
     data 1.7Mb
     libs 2.4Mb
Flavors: r-release-macos-arm64, r-release-macos-x86_64, r-oldrel-macos-arm64, r-oldrel-macos-x86_64