CRAN Package Check Results for Package sticky

Last updated on 2022-01-23 07:14:15 CET.

Flavor Version Tinstall Tcheck Ttotal Status Flags
r-devel-linux-x86_64-debian-clang 0.5.6.1 2.15 35.65 37.80 NOTE
r-devel-linux-x86_64-debian-gcc 0.5.6.1 1.27 31.08 32.35 NOTE
r-devel-linux-x86_64-fedora-clang 0.5.6.1 47.47 NOTE
r-devel-linux-x86_64-fedora-gcc 0.5.6.1 36.14 NOTE
r-devel-windows-x86_64-new-UL 0.5.6.1 32.00 58.00 90.00 NOTE
r-devel-windows-x86_64-new-TK 0.5.6.1 NOTE
r-patched-linux-x86_64 0.5.6.1 1.79 34.84 36.63 NOTE
r-release-linux-x86_64 0.5.6.1 2.03 34.40 36.43 NOTE
r-release-macos-arm64 0.5.6.1 NOTE
r-release-macos-x86_64 0.5.6.1 NOTE
r-release-windows-ix86+x86_64 0.5.6.1 6.00 44.00 50.00 NOTE
r-oldrel-macos-x86_64 0.5.6.1 OK
r-oldrel-windows-ix86+x86_64 0.5.6.1 4.00 44.00 48.00 OK

Check Details

Version: 0.5.6.1
Check: LazyData
Result: NOTE
     'LazyData' is specified without a 'data' directory
Flavors: r-devel-linux-x86_64-debian-clang, r-devel-linux-x86_64-debian-gcc, r-devel-linux-x86_64-fedora-clang, r-devel-linux-x86_64-fedora-gcc, r-devel-windows-x86_64-new-UL, r-devel-windows-x86_64-new-TK, r-patched-linux-x86_64, r-release-linux-x86_64, r-release-macos-arm64, r-release-macos-x86_64, r-release-windows-ix86+x86_64