Last updated on 2022-07-05 07:51:07 CEST.
Flavor | Version | Tinstall | Tcheck | Ttotal | Status | Flags |
---|---|---|---|---|---|---|
r-devel-linux-x86_64-debian-clang | 2019.6 | 12.64 | 235.64 | 248.28 | NOTE | |
r-devel-linux-x86_64-debian-gcc | 2019.6 | 8.63 | 179.69 | 188.32 | NOTE | |
r-devel-linux-x86_64-fedora-clang | 2019.6 | 293.89 | NOTE | |||
r-devel-linux-x86_64-fedora-gcc | 2019.6 | 294.77 | NOTE | |||
r-devel-windows-x86_64 | 2019.6 | 56.00 | 415.00 | 471.00 | OK | |
r-patched-linux-x86_64 | 2019.6 | 11.82 | 223.81 | 235.63 | NOTE | |
r-release-linux-x86_64 | 2019.6 | 11.51 | 219.14 | 230.65 | NOTE | |
r-release-macos-arm64 | 2019.6 | 98.00 | OK | |||
r-release-macos-x86_64 | 2019.6 | 216.00 | OK | |||
r-release-windows-x86_64 | 2019.6 | 335.00 | 403.00 | 738.00 | OK | |
r-oldrel-macos-arm64 | 2019.6 | 104.00 | OK | |||
r-oldrel-macos-x86_64 | 2019.6 | 208.00 | OK | |||
r-oldrel-windows-ix86+x86_64 | 2019.6 | 183.00 | 388.00 | 571.00 | OK |
Version: 2019.6
Check: package dependencies
Result: NOTE
Package suggested but not available for checking: 'networksis'
Flavors: r-devel-linux-x86_64-debian-clang, r-devel-linux-x86_64-debian-gcc, r-devel-linux-x86_64-fedora-clang, r-devel-linux-x86_64-fedora-gcc, r-patched-linux-x86_64, r-release-linux-x86_64