CRAN Package Check Results for Package statnet.common

Last updated on 2022-05-28 07:56:10 CEST.

Flavor Version Tinstall Tcheck Ttotal Status Flags
r-devel-linux-x86_64-debian-clang 4.6.0 5.28 47.41 52.69 NOTE
r-devel-linux-x86_64-debian-gcc 4.6.0 3.35 37.29 40.64 NOTE
r-devel-linux-x86_64-fedora-clang 4.6.0 64.67 NOTE
r-devel-linux-x86_64-fedora-gcc 4.6.0 66.15 NOTE
r-devel-windows-x86_64 4.6.0 122.00 72.00 194.00 NOTE
r-patched-linux-x86_64 4.6.0 6.53 46.12 52.65 NOTE
r-release-linux-x86_64 4.6.0 5.02 46.27 51.29 NOTE
r-release-macos-arm64 4.6.0 32.00 NOTE
r-release-macos-x86_64 4.6.0 33.00 NOTE
r-release-windows-x86_64 4.6.0 253.00 75.00 328.00 NOTE
r-oldrel-macos-arm64 4.6.0 32.00 NOTE
r-oldrel-macos-x86_64 4.6.0 32.00 NOTE
r-oldrel-windows-ix86+x86_64 4.6.0 16.00 79.00 95.00 NOTE

Check Details

Version: 4.6.0
Check: R code for possible problems
Result: NOTE
    Found the following possibly unsafe calls:
    File 'statnet.common/R/control.utilities.R':
     unlockBinding("snctrl", environment(snctrl))
     unlockBinding("snctrl", environment(update_my_snctrl))
Flavors: r-devel-linux-x86_64-debian-clang, r-devel-linux-x86_64-debian-gcc, r-devel-linux-x86_64-fedora-clang, r-devel-linux-x86_64-fedora-gcc, r-devel-windows-x86_64, r-patched-linux-x86_64, r-release-linux-x86_64, r-release-macos-arm64, r-release-macos-x86_64, r-release-windows-x86_64, r-oldrel-macos-arm64, r-oldrel-macos-x86_64, r-oldrel-windows-ix86+x86_64