Last updated on 2022-05-26 07:53:33 CEST.
Flavor | Version | Tinstall | Tcheck | Ttotal | Status | Flags |
---|---|---|---|---|---|---|
r-devel-linux-x86_64-debian-clang | 0.1.5 | 34.15 | 306.27 | 340.42 | NOTE | |
r-devel-linux-x86_64-debian-gcc | 0.1.5 | 29.29 | 244.67 | 273.96 | NOTE | |
r-devel-linux-x86_64-fedora-clang | 0.1.5 | 386.64 | NOTE | |||
r-devel-linux-x86_64-fedora-gcc | 0.1.5 | 380.27 | NOTE | |||
r-devel-windows-x86_64 | 0.1.5 | 32.00 | 277.00 | 309.00 | NOTE | |
r-patched-linux-x86_64 | 0.1.5 | 25.41 | 289.62 | 315.03 | OK | |
r-release-linux-x86_64 | 0.1.5 | OK | ||||
r-release-macos-arm64 | 0.1.5 | 88.00 | NOTE | |||
r-release-macos-x86_64 | 0.1.5 | 151.00 | NOTE | |||
r-release-windows-x86_64 | 0.1.5 | 35.00 | 279.00 | 314.00 | OK | |
r-oldrel-macos-arm64 | 0.1.5 | 61.00 | NOTE | |||
r-oldrel-macos-x86_64 | 0.1.5 | 97.00 | NOTE | |||
r-oldrel-windows-ix86+x86_64 | 0.1.5 | 76.00 | 292.00 | 368.00 | OK |
Version: 0.1.5
Check: Rd files
Result: NOTE
checkRd: (7) sta.Rd:60: \item in \value must have non-empty label
checkRd: (7) sta.Rd:61: \item in \value must have non-empty label
checkRd: (7) sta.Rd:62: \item in \value must have non-empty label
checkRd: (7) sta.Rd:71-72: \item in \value must have non-empty label
checkRd: (7) sta.Rd:73-75: \item in \value must have non-empty label
checkRd: (7) sta.Rd:76-77: \item in \value must have non-empty label
checkRd: (7) sta.Rd:78-80: \item in \value must have non-empty label
checkRd: (7) sta.Rd:81-82: \item in \value must have non-empty label
checkRd: (7) sta.Rd:83-85: \item in \value must have non-empty label
Flavors: r-devel-linux-x86_64-debian-clang, r-devel-linux-x86_64-debian-gcc, r-devel-linux-x86_64-fedora-clang, r-devel-linux-x86_64-fedora-gcc, r-devel-windows-x86_64
Version: 0.1.5
Check: dependencies in R code
Result: NOTE
Namespaces in Imports field not imported from:
‘iterators’ ‘methods’ ‘rgdal’
All declared Imports should be used.
Flavors: r-devel-linux-x86_64-fedora-clang, r-devel-linux-x86_64-fedora-gcc, r-release-macos-arm64, r-release-macos-x86_64, r-oldrel-macos-arm64, r-oldrel-macos-x86_64