CRAN Package Check Results for Package stR

Last updated on 2022-01-22 06:49:08 CET.

Flavor Version Tinstall Tcheck Ttotal Status Flags
r-devel-linux-x86_64-debian-clang 0.4 20.57 212.53 233.10 OK
r-devel-linux-x86_64-debian-gcc 0.4 16.86 159.60 176.46 OK
r-devel-linux-x86_64-fedora-clang 0.4 279.10 OK
r-devel-linux-x86_64-fedora-gcc 0.4 260.93 OK
r-devel-windows-x86_64-new-UL 0.4 46.00 251.00 297.00 NOTE
r-devel-windows-x86_64-new-TK 0.4 NOTE
r-patched-linux-x86_64 0.4 23.84 201.67 225.51 OK
r-release-linux-x86_64 0.4 13.02 200.23 213.25 OK
r-release-macos-arm64 0.4 OK
r-release-macos-x86_64 0.4 OK
r-release-windows-ix86+x86_64 0.4 45.00 232.00 277.00 NOTE
r-oldrel-macos-x86_64 0.4 OK
r-oldrel-windows-ix86+x86_64 0.4 46.00 240.00 286.00 NOTE

Check Details

Version: 0.4
Check: package dependencies
Result: NOTE
    Package suggested but not available for checking: 'doMC'
Flavors: r-devel-windows-x86_64-new-UL, r-devel-windows-x86_64-new-TK, r-release-windows-ix86+x86_64, r-oldrel-windows-ix86+x86_64