Last updated on 2022-05-19 07:50:21 CEST.
Flavor | Version | Tinstall | Tcheck | Ttotal | Status | Flags |
---|---|---|---|---|---|---|
r-devel-linux-x86_64-debian-clang | 0.1.0 | 3.62 | 44.39 | 48.01 | NOTE | |
r-devel-linux-x86_64-debian-gcc | 0.1.0 | 2.08 | 33.79 | 35.87 | NOTE | |
r-devel-linux-x86_64-fedora-clang | 0.1.0 | 56.81 | NOTE | |||
r-devel-linux-x86_64-fedora-gcc | 0.1.0 | 54.79 | NOTE | |||
r-devel-windows-x86_64 | 0.1.0 | 13.00 | 57.00 | 70.00 | NOTE | |
r-patched-linux-x86_64 | 0.1.0 | 3.34 | 42.29 | 45.63 | NOTE | |
r-release-linux-x86_64 | 0.1.0 | 2.09 | 41.54 | 43.63 | NOTE | |
r-release-macos-arm64 | 0.1.0 | 19.00 | NOTE | |||
r-release-macos-x86_64 | 0.1.0 | 33.00 | NOTE | |||
r-release-windows-x86_64 | 0.1.0 | 13.00 | 59.00 | 72.00 | NOTE | |
r-oldrel-macos-arm64 | 0.1.0 | 23.00 | NOTE | |||
r-oldrel-macos-x86_64 | 0.1.0 | 31.00 | NOTE | |||
r-oldrel-windows-ix86+x86_64 | 0.1.0 | 8.00 | 51.00 | 59.00 | OK |
Version: 0.1.0
Check: package dependencies
Result: NOTE
Package suggested but not available for checking: 'scanstatistics'
Flavors: r-devel-linux-x86_64-debian-clang, r-devel-linux-x86_64-debian-gcc, r-devel-linux-x86_64-fedora-clang, r-devel-linux-x86_64-fedora-gcc, r-devel-windows-x86_64, r-patched-linux-x86_64, r-release-linux-x86_64, r-release-macos-arm64, r-release-macos-x86_64, r-release-windows-x86_64, r-oldrel-macos-arm64, r-oldrel-macos-x86_64