CRAN Package Check Results for Package spup

Last updated on 2022-05-17 07:53:17 CEST.

Flavor Version Tinstall Tcheck Ttotal Status Flags
r-devel-linux-x86_64-debian-clang 1.3-2 28.19 431.35 459.54 OK
r-devel-linux-x86_64-debian-gcc 1.3-2 24.54 318.84 343.38 OK
r-devel-linux-x86_64-fedora-clang 1.3-2 534.84 NOTE
r-devel-linux-x86_64-fedora-gcc 1.3-2 534.02 NOTE
r-devel-windows-x86_64 1.3-2 53.00 416.00 469.00 OK
r-patched-linux-x86_64 1.3-2 25.22 416.05 441.27 OK
r-release-linux-x86_64 1.3-2 24.54 419.98 444.52 OK
r-release-macos-arm64 1.3-2 114.00 NOTE
r-release-macos-x86_64 1.3-2 171.00 NOTE
r-release-windows-x86_64 1.3-2 44.00 417.00 461.00 OK
r-oldrel-macos-arm64 1.3-2 80.00 NOTE
r-oldrel-macos-x86_64 1.3-2 136.00 NOTE
r-oldrel-windows-ix86+x86_64 1.3-2 64.00 426.00 490.00 OK

Check Details

Version: 1.3-2
Check: dependencies in R code
Result: NOTE
    Namespace in Imports field not imported from: ‘sp’
     All declared Imports should be used.
Flavors: r-devel-linux-x86_64-fedora-clang, r-devel-linux-x86_64-fedora-gcc, r-release-macos-arm64, r-release-macos-x86_64, r-oldrel-macos-arm64, r-oldrel-macos-x86_64