CRAN Package Check Results for Package sport

Last updated on 2022-01-18 06:53:02 CET.

Flavor Version Tinstall Tcheck Ttotal Status Flags
r-devel-linux-x86_64-debian-clang 0.2.0 25.38 110.26 135.64 OK
r-devel-linux-x86_64-debian-gcc 0.2.0 24.21 81.99 106.20 OK
r-devel-linux-x86_64-fedora-clang 0.2.0 178.69 NOTE
r-devel-linux-x86_64-fedora-gcc 0.2.0 159.53 NOTE
r-devel-windows-x86_64-new-UL 0.2.0 61.00 161.00 222.00 OK
r-devel-windows-x86_64-new-TK 0.2.0 NOTE
r-patched-linux-x86_64 0.2.0 25.29 102.72 128.01 OK
r-release-linux-x86_64 0.2.0 OK
r-release-macos-arm64 0.2.0 NOTE
r-release-macos-x86_64 0.2.0 NOTE
r-release-windows-ix86+x86_64 0.2.0 72.00 200.00 272.00 OK
r-oldrel-macos-x86_64 0.2.0 NOTE
r-oldrel-windows-ix86+x86_64 0.2.0 72.00 199.00 271.00 OK

Check Details

Version: 0.2.0
Check: data for non-ASCII characters
Result: NOTE
     Note: found 7587 marked UTF-8 strings
Flavors: r-devel-linux-x86_64-fedora-clang, r-devel-linux-x86_64-fedora-gcc, r-devel-windows-x86_64-new-TK, r-release-macos-arm64, r-release-macos-x86_64, r-oldrel-macos-x86_64