CRAN Package Check Results for Package spongecake

Last updated on 2022-08-12 07:53:27 CEST.

Flavor Version Tinstall Tcheck Ttotal Status Flags
r-devel-linux-x86_64-debian-clang 0.1.2 4.66 53.89 58.55 NOTE
r-devel-linux-x86_64-debian-gcc 0.1.2 4.70 40.59 45.29 NOTE
r-devel-linux-x86_64-fedora-clang 0.1.2 80.99 NOTE
r-devel-linux-x86_64-fedora-gcc 0.1.2 79.18 NOTE
r-devel-windows-x86_64 0.1.2 12.00 76.00 88.00 NOTE
r-patched-linux-x86_64 0.1.2 4.29 50.65 54.94 NOTE
r-release-linux-x86_64 0.1.2 4.70 50.20 54.90 NOTE
r-release-macos-arm64 0.1.2 22.00 NOTE
r-release-macos-x86_64 0.1.2 49.00 NOTE
r-release-windows-x86_64 0.1.2 11.00 78.00 89.00 NOTE
r-oldrel-macos-arm64 0.1.2 26.00 NOTE
r-oldrel-macos-x86_64 0.1.2 42.00 NOTE
r-oldrel-windows-ix86+x86_64 0.1.2 15.00 73.00 88.00 NOTE

Check Details

Version: 0.1.2
Check: LazyData
Result: NOTE
     'LazyData' is specified without a 'data' directory
Flavors: r-devel-linux-x86_64-debian-clang, r-devel-linux-x86_64-debian-gcc, r-devel-linux-x86_64-fedora-clang, r-devel-linux-x86_64-fedora-gcc, r-devel-windows-x86_64, r-patched-linux-x86_64, r-release-linux-x86_64, r-release-macos-arm64, r-release-macos-x86_64, r-release-windows-x86_64, r-oldrel-macos-arm64, r-oldrel-macos-x86_64, r-oldrel-windows-ix86+x86_64